*p + 13*p + 63. Let z(w) = -2*w**3 + 12*w**2 + 23*w - 62. Calculate the remainder when 3 is divided by z(p).
0
Let q be (-30)/(-9) - (52/12 - 4). Suppose q*h = 2*i - 15, 49*h = 51*h + 6. Calculate the remainder when 6 is divided by i.
0
Let q be (-8 - (-390)/10)*(0 - -1). Let a = 92 - q. What is the remainder when a is divided by 40?
21
Suppose 0 = -4*t - 3 + 259. Calculate the remainder when (177/(-12))/((-16)/t) is divided by (6/5)/(4/40).
11
Let a = 5 + 173. Let f = a - 85. What is the remainder when f is divided by 16?
13
Let u(v) = -23*v**3 + 20*v**3 - 18*v**3 - v - 10*v**3. Suppose -p + 5 = 0, 4*s = p - 6*p + 21. Calculate the remainder when 63 is divided by u(s).
31
Let s = 2317 + -2139. Suppose 0 = -7*f + 3*f + 128. What is the remainder when s is divided by f?
18
Suppose 4*d = -8, d + 140 - 188 = -5*j. What is the remainder when 355 is divided by j?
5
Let w = -37985 - -38020. What is the remainder when 858 is divided by w?
18
Let u(t) = -18*t - 49. Let m be u(-3). Suppose 4*s = m*l - 1401, -l + 5*s = -0*l - 276. What is the remainder when l is divided by 18?
11
Suppose 58*z = -3*i + 62*z + 3487, i = 4*z + 1165. Calculate the remainder when i is divided by 15.
6
Let a = -2 - -6. Let x(k) = 13*k - 6. Calculate the remainder when x(a) is divided by 13.
7
Let i be ((-80)/(-70))/(8/28). Let a(f) = 15*f - 37. What is the remainder when a(i) is divided by 4?
3
Suppose -h = 5*i - 90, 4*h - 2*i - 89 - 117 = 0. What is the remainder when 275 is divided by h?
0
Let v = 22597 - 22586. Suppose -4*x + 53 = c - x, 225 = 5*c + 5*x. Calculate the remainder when c is divided by v.
8
Let c be 4 - ((-1 + 1)/(-2))/2. Suppose -c*l + 3*b = -465, 3*l - 2*b = 250 + 100. Suppose -21*v = -31*v + l. What is the remainder when 80 is divided by v?
8
Let v(f) = 5*f**2 - 51*f + 1. Let n be v(7). Calculate the remainder when -5 - n*(-2 + 5) is divided by 47.
46
Suppose 5*y - 220 - 428 = -3*n, -227 = -n + 2*y. Calculate the remainder when 1308 is divided by n.
203
What is the remainder when 128 is divided by 3524/40 - -2 - 52/520?
38
Let w(c) = 16*c - 81. Let t be w(5). Calculate the remainder when (888/48)/(t/10*-1) is divided by 17.
15
Let u(x) = 2*x**3 + 37*x**2 + 115*x + 11. Calculate the remainder when 328 is divided by u(-14).
163
Calculate the remainder when (-500)/(-600) + 3459/18 is divided by -4 + 2 + 41/1.
37
Suppose -4*l + 10 = -0*x - x, -5*l = -2*x - 8. Calculate the remainder when (-4)/(-16) - 153/(-12) is divided by (-2 - -2) + (x - (1 - -2)).
1
Suppose -3*z + 4*z - 27 = 0. Suppose -151 = -3*r + 2*r. Suppose -r = -3*c + 83. Calculate the remainder when c is divided by z.
24
Suppose -3*x - y = -351 + 57, -2*x - 3*y = -203. Let j = 120 - x. Calculate the remainder when 62 is divided by j.
16
Let t(k) be the third derivative of 7*k**5/20 - k**4/8 - k**3/2 + 7*k**2. Let h be t(-1). Suppose 2*z - h = z. Calculate the remainder when 80 is divided by z.
17
Let s be -110*(-4)/2 - 4. What is the remainder when (21/(-2) - 2)*s/(-45) is divided by 9/(-15) - 98/(-5)?
3
Calculate the remainder when 2134 is divided by (0 - 2 - 4/((-8)/3))*-144.
46
Suppose -4*r + 4 = 4*s, 2*r + s = -4*s + 5. Suppose 4*w + 3*p - 41 = r, 4*p - 5 = -2*w + 23. What is the remainder when 37 is divided by w?
5
Let c = -2020 - -2039. Let l(j) = -3*j - 2. Let p be l(-2). Suppose -p*a + 2*x = -362, 3*a - 196 = a - 4*x. What is the remainder when a is divided by c?
16
Let n(w) = w**2 + 16*w + 58. Let a be n(-9). Calculate the remainder when 17 is divided by (a/4)/(17/(-68)).
2
Let x(t) = -5*t**2 + 22*t + 655. Let l = 163 - 61. Calculate the remainder when l is divided by x(-9).
50
Let m(n) = -2*n**3 - 9*n**2 + 21*n + 28. What is the remainder when m(-8) is divided by 57?
23
Suppose -19*h - 616 = 524. What is the remainder when 29 is divided by (18/10)/(h/(-200))?
5
Suppose 108 = 37*j - 1631. Calculate the remainder when 338 is divided by j.
9
Suppose -4*h - 418 = -62. Let b = 99 + h. Calculate the remainder when 109 is divided by b.
9
Suppose 40*s - 43*s - 2061 = -3*h, 5*h = 2*s + 3441. What is the remainder when h is divided by 134?
19
Let s be (-1)/2 + (-98)/(-4). Suppose -g - s + 95 = 0. Calculate the remainder when g is divided by ((-50)/60)/((-8 - -9)/(-18)).
11
Suppose -2*i = g - i - 776, g = -4*i + 782. Suppose 75*o - g = 69*o. Let v(a) = -10*a + 1. Calculate the remainder when o is divided by v(-1).
8
Suppose 6*i - 24 = 2*i. Suppose i*u - 24 = -r + 5*u, r - 42 = 5*u. Calculate the remainder when r is divided by 11.
5
Suppose 29*q = -q + 2160. Suppose -5*z - 25 = 2*m - q, 5*z + m = 46. Calculate the remainder when 18 is divided by z.
0
Suppose j + 36 = 2*l - 30, -5*j + 146 = 4*l. Let t(h) = 2*h**2 + 7*h + 2. Let w = 21 - 25. What is the remainder when l is divided by t(w)?
4
Let w = 60 + -114. What is the remainder when 58 is divided by (-1200)/w + (-2)/9?
14
Let v(j) = -j**3 - 8*j**2 - 22*j - 2. Calculate the remainder when 507 is divided by v(-2).
3
Let c(q) = -3*q - 83. Let l be c(-24). Let s = 31 - 16. What is the remainder when 2/l - 14688/(-198) is divided by s?
14
Let y = 9411 + -9382. Calculate the remainder when 2879 is divided by y.
8
Let c = 24 + -10. Let l be (4/c)/(11/308). Suppose -o + l - 2 = 0. What is the remainder when 21 is divided by o?
3
Suppose 0*l - l = -3. Suppose g = -l*g + 300. Suppose -4*k + 1448*m - 1450*m + 28 = 0, 4*k = -m + 42. What is the remainder when g is divided by k?
5
Suppose 0 = -12*q + 11*q - 101. Let n be q/(-5) + 48/60. Suppose 3*c - 5*c - s = -52, c - n = 2*s. Calculate the remainder when 71 is divided by c.
21
Let t(n) = 10 + 33 - n**2 + 0*n**2. Suppose 35*y - 8*y = -34*y. Calculate the remainder when t(y) is divided by 11.
10
Let c be (-2)/9 + (-2434)/(-18). Suppose -2*m - m = -3*h + c, -4*h - 5*m = -171. Let y = -77545 + 77561. What is the remainder when h is divided by y?
12
Let o(w) = 10*w - 24. What is the remainder when -309*((-5)/(-10) + (0 - 14/12)) is divided by o(4)?
14
Let n(t) = 15*t**2 + 10*t - 21. Let p be n(3). Let c = p + -134. What is the remainder when 157 is divided by c?
7
What is the remainder when (-352)/(-66)*(-4617)/(-18) is divided by 48?
24
Suppose -2*o = 5*a - 774, -3*a + 174 = 2*o - 284. Let n be 40/(-22) + 8/(-44). What is the remainder when a is divided by 2 - 1 - -29 - n?
30
Let z(l) = 79*l**2 + 8*l - 3. What is the remainder when z(1) is divided by 44?
40
Let b(f) = -11 + 4 - 6 + 53*f - 16 + 4. What is the remainder when b(4) is divided by 64?
59
Let f be -3 + 2 - -2 - 4. Suppose -2*u = 3*b + 2, -270*u - b + 21 = -265*u. Calculate the remainder when u is divided by 0/f + 4 + -1.
2
Let o be (-4623)/(-81) + (-8)/108. Let q = 6 + -20. Let c = o - q. Calculate the remainder when c is divided by 12.
11
Suppose -r - 8*r = -172 - 107. Calculate the remainder when 180 is divided by r.
25
Suppose -54 = p - 4*p. Suppose -p = -6*j - 66. What is the remainder when 41 is divided by 7/(14/j) - -18?
13
Let b(x) = x**2 + 18*x + 64. Let h(j) = 3*j - 69. Let i be h(18). What is the remainder when 35 is divided by b(i)?
16
Let g(n) = -12*n + 1. Let u be 100/6*(-477)/(-106). Suppose 3*j - 7 - u = -4*c, 4*j = c - 11. What is the remainder when g(-6) is divided by c?
16
Let a(q) = 2*q - 4. Let n be a(4). Suppose v - 5 = 6*v + 5*j, -5*j - 4 = n*v. What is the remainder when (99 - (4 - 3)) + (0 - v) is divided by 34?
31
Suppose -26*i - 33 = -37*i. Suppose -m + 5*s = -16, 3*s - 13 = -i*m + 17. What is the remainder when 51 is divided by m?
7
Suppose 0 = -3*f - 5*h + 34, -85*h + 81*h + 26 = 2*f. What is the remainder when 439 is divided by f?
1
Let c = -4 - -7. Let r(s) = -9*s**2 - 11*s**2 - 34 + 2*s**c - 2*s - s**3 + 39*s**2. What is the remainder when 4 is divided by r(-19)?
0
Suppose -612 = -3*u - u + 5*b, 0 = 5*u - 5*b - 765. Let p = 407 + -394. Suppose -20*l + p*l + 182 = 0. What is the remainder when u is divided by l?
23
Suppose 0 = 6*k - 2063 + 209. Let c = k + -291. Calculate the remainder when 375 is divided by c.
15
Suppose -6*m = -3*m - 1092. Let z = m + -228. What is the remainder when z is divided by 40?
16
Suppose i = y - 296, 18*i - 618 = -3*y + 228. What is the remainder when y is divided by 180?
114
Let s(i) = i**3 + i**2 - 59*i - 7. What is the remainder when 170 is divided by s(-8)?
0
Let w(k) = -k**2 + 9*k - 9. L